 0 = -u*l + c + 17, 0 = l + l - 3*c - 16. List the prime factors of l.
5
Let a(r) = r + 6. Let o be a(-5). What are the prime factors of 8/o - (-5 - -3)?
2, 5
Let o be (-16 + -2)*2/3. Let v be ((-24)/9)/(6/18). Let n = v - o. What are the prime factors of n?
2
Let r(a) be the second derivative of a**5/20 + a**4/2 - 7*a**3/6 + a**2 + 2*a. What are the prime factors of r(-7)?
2
Let q = 55 - 42. List the prime factors of q.
13
Let j(s) = s**2 + s + 2. Let a be j(0). Let p be a/10 - 3/15. Suppose 0 = -p*m - m + 2. List the prime factors of m.
2
Suppose -2*r = -0*r + 44. Let f be (-35)/(-11) + 4/r. Suppose -2*h + 3*m = -40, 4*h - f*m = m + 80. What are the prime factors of h?
2, 5
Let y be 50/(-3)*(-96)/40. Suppose -3*q - y = -8*q. What are the prime factors of q?
2
Let w(z) = z**3 - 8*z**2 - 9*z + 8. Let t be w(9). Let h = t + -3. What are the prime factors of h?
5
Suppose 0 = -2*x + 4, 2*x - 48 = -c + 13. List the prime factors of c.
3, 19
Let j = 38 - -63. Suppose 0 = -4*d - 25 + j. List the prime factors of d.
19
Let w(t) be the second derivative of t**4/12 - t**3/6 + 6*t**2 - 2*t. List the prime factors of w(0).
2, 3
Let y be (-5 - -1) + (-2)/1. What are the prime factors of (34/(-4))/(3/y)?
17
Let p = 45 - 15. What are the prime factors of p?
2, 3, 5
Suppose 3*c - 10 = -4. Suppose -v + 9 = c*v. List the prime factors of v.
3
What are the prime factors of (1 - 1295/(-6)) + (-4)/(-24)?
7, 31
Let o(g) = g**2 + 7*g - 3. Let d be o(-7). Let f be ((-24)/(-10))/(d/10). Let h = f + 15. List the prime factors of h.
7
Let l(i) = -9*i + 21. Let r(d) = 5*d - 11. Let f(z) = -3*l(z) - 5*r(z). Let y be f(6). Suppose -2*m - y = 0, 5*h - 25 - 21 = -2*m. List the prime factors of h.
2, 5
Let h(y) = -2*y - 8. Let q(n) = -5*n - 15. Let t(j) = -7*h(j) + 3*q(j). Let k be t(9). What are the prime factors of (k - (1 + -2))/1?
3
Suppose 9*n + 295 = 1141. List the prime factors of n.
2, 47
Let s be -7 - (-3)/(-6)*-2. Let w(i) = i**3 + 5*i**2 - 6*i - 4. Let c be w(s). What are the prime factors of (-3)/c + (-29)/(-4)?
2
Let p = -1 - -4. Suppose p*b + 3*v + 3 = 2*b, 2*b - 5*v - 5 = 0. Suppose b = c - 5 - 0. List the prime factors of c.
5
List the prime factors of (-28)/70 - (-97)/5.
19
Let m(s) = 2*s + 43. List the prime factors of m(-4).
5, 7
Let v be 107/4 - (-15)/(-20). Let f = 40 - v. Let q = f + -3. List the prime factors of q.
11
Let t = -54 + 92. List the prime factors of t.
2, 19
Let c(v) = 3*v + 4. What are the prime factors of c(10)?
2, 17
Suppose 610 = -79*v + 84*v. What are the prime factors of v?
2, 61
Suppose 0 = 3*d + 6*d - 612. List the prime factors of d.
2, 17
Let x(n) = n**2 + 5*n + 9. What are the prime factors of x(-7)?
23
Suppose 0 = 4*o + o - 3*n - 241, 4*o = 4*n + 188. What are the prime factors of o?
2, 5
Let i(g) = -g**2 + g + 4. Let b(a) = -a**3 - 6*a**2 + 7*a. Let m be b(-7). Suppose -2*k - 20 = -7*w + 3*w, -2*k + w - 5 = m. What are the prime factors of i(k)?
2
Let w = 140 + -73. What are the prime factors of w?
67
Let i(r) = 29*r**2 + 2*r - 2. List the prime factors of i(1).
29
Suppose 6*p = 71 + 133. What are the prime factors of p?
2, 17
Let f(c) = c - 2*c - 2 + 3*c**2 - 2*c**2. Let q be f(2). Suppose q = -2*k, -5*k = 4*i - 12 - 0. List the prime factors of i.
3
Let b = 29 - -31. List the prime factors of b.
2, 3, 5
Let g(d) be the third derivative of d**5/4 + d**3/6 + 2*d**2. What are the prime factors of g(1)?
2
Let g(b) be the second derivative of 1/2*b**3 + 0 + 1/20*b**5 - 5/12*b**4 - 2*b**2 + 4*b. What are the prime factors of g(5)?
11
Let a(k) be the first derivative of -k**6/360 - 3*k**5/40 - 3*k**4/8 - k**3/3 - 2. Let m(t) be the third derivative of a(t). List the prime factors of m(-6).
3
Let y = 14 + 26. List the prime factors of y.
2, 5
Let q(x) = -4*x**2 - 2*x. Let l be q(-2). Let g = l + -6. Let t = -6 - g. What are the prime factors of t?
2, 3
Let o = 263 - 133. Let t = -92 + o. List the prime factors of t.
2, 19
List the prime factors of (552/(-16) + 1 + 0)*-2.
67
Let x(v) = -5*v**3 - v. Let t be x(-1). Suppose 0 = 3*k - t - 6. What are the prime factors of k?
2
Suppose -5*x + 3 = i, -i + 3 = x - 4*x. Let k = i - 0. What are the prime factors of k?
3
Let g(q) = 2*q**2 - 9*q - 1. Let d be g(10). Suppose 27 = l + 3*m, 2*m - d = 5*l - 10*l. What are the prime factors of l?
3, 7
What are the prime factors of 2/2*-15*-3?
3, 5
Suppose -2328 = 39*y - 47*y. What are the prime factors of y?
3, 97
Suppose 4*k - 14 + 6 = 0. Suppose 0 = -3*c + 4*f + 39, -30 = -4*c - k*f - 0*f. What are the prime factors of c?
3
Let y = -8 - -11. Suppose -5*p = -0*p - 2*f - 65, -y*p = 3*f - 39. List the prime factors of p.
13
Suppose -5*x + 0 - 15 = 0. Let r(v) = -3*v + 4. What are the prime factors of r(x)?
13
Suppose 0 = -4*w + 4*j + 52, 3*j + 8 = w - 7. List the prime factors of 8/w*102/4.
17
Let t(n) = -n**3 - n + 10. Suppose 0 = -3*m - 0*m. What are the prime factors of t(m)?
2, 5
Let a(j) = 2*j**2 + 17*j + 1. Let i(o) = o**2 + 9*o + 1. Let w(q) = 4*a(q) - 7*i(q). Let v be w(-6). Suppose 0*c = -v*c + 9. What are the prime factors of c?
3
Suppose 0 = 4*s - 3*w - 104, s - 161 = -4*s - 4*w. What are the prime factors of s?
29
Let x(d) = -d**2 - 2*d + 2. Let t be x(-8). Let w = 30 + t. Let l = -10 - w. List the prime factors of l.
2, 3
Suppose 2*k = u + 46, k - 7 - 9 = 4*u. Suppose 2*t - k = 26. List the prime factors of t.
5
Let b(p) be the second derivative of -p**3/2 - 5*p**2 + p. Let d be b(-8). Let n = -10 + d. What are the prime factors of n?
2
Let s(r) = -2*r + 2. Let o be s(7). Let m = 20 + o. What are the prime factors of 84/m + 1/(-2)?
2, 5
Let l(u) = 2*u**2 - 3*u - 4. Let b be l(3). What are the prime factors of 1/2*(b + -1)?
2
Let o(n) = -32*n**3 + 2*n**2 + n. What are the prime factors of o(-1)?
3, 11
Suppose -m = -7*m + 180. List the prime factors of m.
2, 3, 5
Let g = 109 + -44. Suppose -4*i + g = i. What are the prime factors of i?
13
Let j(f) = -3*f - 9. Let v be j(9). List the prime factors of ((-1)/(-3))/((-2)/v).
2, 3
Suppose 0 = b + v - 24, 2*b + v - 74 = -b. What are the prime factors of b?
5
Let k(j) = j**2 + 12*j + 7. Let g be k(-10). Let u(w) = -w**2 - 12*w + 16. List the prime factors of u(g).
3
What are the prime factors of ((-78)/(-9) + -1)*6?
2, 23
Suppose -4*p + 432 = -0*u + 2*u, u = 3*p - 319. List the prime factors of p.
107
Let z(j) be the first derivative of -1/2*j**2 - 2 + 0*j. What are the prime factors of z(-3)?
3
Let u(m) = -m**3 + 5*m**2 + 3. Let z be u(5). Suppose -3*k - 78 = -4*s, -z*s + 53 = -0*s - 5*k. List the prime factors of s.
3, 7
Suppose 0 = -y + l - 7, 12 = -0*y - y - 4*l. Let i(r) = -r**3 - 7*r**2 - 7. List the prime factors of i(y).
3, 19
Let h(t) be the first derivative of -t**4/4 + 7*t**3/3 + 6*t + 3. Let z be h(7). Let b(j) = -j**3 + 6*j**2 + 3. What are the prime factors of b(z)?
3
Let h(z) = z + 24. Let s be h(-4). Suppose q = -4*q + 20. Suppose q*a - s = -4. List the prime factors of a.
2
Let a(n) = -192*n + 3. List the prime factors of a(-1).
3, 5, 13
Let b = 160 - 94. What are the prime factors of b?
2, 3, 11
What are the prime factors of -4 - -5 - (-33 + 0)?
2, 17
Let k(a) = 4*a - 2. Let s = 7 - 4. List the prime factors of k(s).
2, 5
Let i be (-654)/15 + (-4)/10. Let x be (2 + 0)/(-4)*i. Let n = -12 + x. What are the prime factors of n?
2, 5
Suppose k = 4*k - 6. Suppose -2*u - k = -6. What are the prime factors of u?
2
Let r(u) = 26*u**2 + 1. Let a(q) = 79*q**2 + q + 3. Let x(n) = -2*a(n) + 7*r(n). List the prime factors of x(1).
23
Let c(s) = -s - 3. Suppose 2*a - 5*a - 3*u = 15, -4*a - 38 = -5*u. List the prime factors of c(a).
2
Let m(o) = 19*o - 1. Let x(a) = a. Let s(u) = -m(u) + 4*x(u). List the prime factors of s(-1).
2
List the prime factors of (59 + 2)*1 + 3.
2
Let r = 12 - 10. Suppose 0 = -2*m + 5*a - r + 12, 3*m = -2*a + 34. What are the prime factors of m?
2, 5
Suppose 0 = -5*z - 3*w - 45 + 15, 5*w + 25 = 0. Let f = z - -12. List the prime factors of f.
3
Let k = 5 + -1. Let j be 1/((k/102)/2). Suppose -j + 16 = -5*t. List the prime factors of t.
7
Let u(p) = 2*p**2 + 5*p - 9. Let q be u(-7). Suppose 3*j = q + 12. What are the prime factors of j?
2, 11
Let j(m) = -m**3 - 7*m**2 - 8*m - 1. Let o be (-6)/10 + (-32)/(-20). Let t = o - 7. List the prime factors of j(t).
11
Let d